{"id":91,"date":"2019-10-23T12:59:11","date_gmt":"2019-10-23T10:59:11","guid":{"rendered":"http:\/\/naturailes-sante.com\/?page_id=91"},"modified":"2025-01-09T17:11:21","modified_gmt":"2025-01-09T16:11:21","slug":"qui-suis-je","status":"publish","type":"page","link":"https:\/\/naturailes-sante.com\/index.php\/qui-suis-je-2\/qui-suis-je\/","title":{"rendered":"Sarah Vitel"},"content":{"rendered":"\t\t<div <br \/>\n<b>Warning<\/b>:  Increment on type bool has no effect, this will change in the next major version of PHP in <b>\/home\/naturailbg\/www\/wp-content\/plugins\/elementor\/includes\/base\/controls-stack.php<\/b> on line <b>741<\/b><br \/>\ndata-elementor-type=\"wp-page\" data-elementor-id=\"91\" class=\"elementor elementor-91\">\n\t\t\t\t<section class=\"elementor-section elementor-top-section elementor-element elementor-element-162c3ef elementor-section-boxed elementor-section-height-default elementor-section-height-default\" data-id=\"162c3ef\" data-element_type=\"section\" data-e-type=\"section\">\n\t\t\t\t\t\t<div class=\"elementor-container elementor-column-gap-default\">\n\t\t\t\t\t<div class=\"elementor-column elementor-col-100 elementor-top-column elementor-element elementor-element-4d7c2ff\" data-id=\"4d7c2ff\" data-element_type=\"column\" data-e-type=\"column\">\n\t\t\t<div class=\"elementor-widget-wrap elementor-element-populated\">\n\t\t\t\t\t\t<div class=\"elementor-element elementor-element-ed0482b elementor-widget elementor-widget-text-editor\" data-id=\"ed0482b\" data-element_type=\"widget\" data-e-type=\"widget\" data-widget_type=\"text-editor.default\">\n\t\t\t\t<div class=\"elementor-widget-container\">\n\t\t\t\t\t\t\t\t\t<h4 style=\"text-align: center;\"><strong><span style=\"color: #24d5b4;\">Naturopathe, ing\u00e9nieur alimentaire, et formatrice.<\/span><\/strong><\/h4>\n<h4 style=\"text-align: center;\"><strong><span style=\"color: #24d5b4;\">Je suis \u00e9galement :<\/span><\/strong><\/h4>\t\t\t\t\t\t\t\t<\/div>\n\t\t\t\t<\/div>\n\t\t\t\t\t<\/div>\n\t\t<\/div>\n\t\t\t\t\t<\/div>\n\t\t<\/section>\n\t\t\t\t<section class=\"elementor-section elementor-top-section elementor-element elementor-element-25e05b7 elementor-section-boxed elementor-section-height-default elementor-section-height-default\" data-id=\"25e05b7\" data-element_type=\"section\" data-e-type=\"section\">\n\t\t\t\t\t\t<div class=\"elementor-container elementor-column-gap-default\">\n\t\t\t\t\t<div class=\"elementor-column elementor-col-100 elementor-top-column elementor-element elementor-element-312bdbdb\" data-id=\"312bdbdb\" data-element_type=\"column\" data-e-type=\"column\">\n\t\t\t<div class=\"elementor-widget-wrap elementor-element-populated\">\n\t\t\t\t\t\t<div class=\"elementor-element elementor-element-7d5c76c3 elementor-widget elementor-widget-text-editor\" data-id=\"7d5c76c3\" data-element_type=\"widget\" data-e-type=\"widget\" data-widget_type=\"text-editor.default\">\n\t\t\t\t<div class=\"elementor-widget-container\">\n\t\t\t\t\t\t\t\t\t<p>\u00a0<\/p>\n<p><\/p>\n<figure class=\"wp-block-gallery columns-3 is-cropped wp-block-gallery-2 is-layout-flex wp-block-gallery-is-layout-flex\">\n<ul class=\"blocks-gallery-grid\">\n<li class=\"blocks-gallery-item\">\n<figure><img fetchpriority=\"high\" decoding=\"async\" width=\"505\" height=\"453\" class=\"wp-image-534\" src=\"https:\/\/naturailes-sante.com\/wp-content\/uploads\/2022\/05\/934E771E-AD13-4301-94EB-A5E3B195F727_1_105_c.jpeg\" alt=\"\" data-id=\"534\" data-full-url=\"https:\/\/naturailes-sante.com\/wp-content\/uploads\/2022\/05\/934E771E-AD13-4301-94EB-A5E3B195F727_1_105_c.jpeg\" data-link=\"https:\/\/naturailes-sante.com\/index.php\/qui-suis-je\/934e771e-ad13-4301-94eb-a5e3b195f727_1_105_c\/\" srcset=\"https:\/\/naturailes-sante.com\/wp-content\/uploads\/2022\/05\/934E771E-AD13-4301-94EB-A5E3B195F727_1_105_c.jpeg 505w, https:\/\/naturailes-sante.com\/wp-content\/uploads\/2022\/05\/934E771E-AD13-4301-94EB-A5E3B195F727_1_105_c-300x269.jpeg 300w\" sizes=\"(max-width: 505px) 100vw, 505px\" \/>\n<p>\u00a0<\/p>\n<figcaption class=\"blocks-gallery-item__caption\"><strong>Inspir\u00e9e<\/strong><\/figcaption>\n<\/figure>\n<\/li>\n<li class=\"blocks-gallery-item\">\n<figure><img decoding=\"async\" width=\"768\" height=\"1024\" class=\"wp-image-535\" src=\"https:\/\/naturailes-sante.com\/wp-content\/uploads\/2022\/05\/BBBCE244-1225-414F-A44A-D30309CA5871_1_105_c.jpeg\" alt=\"\" data-id=\"535\" data-full-url=\"https:\/\/naturailes-sante.com\/wp-content\/uploads\/2022\/05\/BBBCE244-1225-414F-A44A-D30309CA5871_1_105_c.jpeg\" data-link=\"https:\/\/naturailes-sante.com\/index.php\/qui-suis-je\/bbbce244-1225-414f-a44a-d30309ca5871_1_105_c\/\" srcset=\"https:\/\/naturailes-sante.com\/wp-content\/uploads\/2022\/05\/BBBCE244-1225-414F-A44A-D30309CA5871_1_105_c.jpeg 768w, https:\/\/naturailes-sante.com\/wp-content\/uploads\/2022\/05\/BBBCE244-1225-414F-A44A-D30309CA5871_1_105_c-225x300.jpeg 225w, https:\/\/naturailes-sante.com\/wp-content\/uploads\/2022\/05\/BBBCE244-1225-414F-A44A-D30309CA5871_1_105_c-600x800.jpeg 600w\" sizes=\"(max-width: 768px) 100vw, 768px\" \/>\n<p>\u00a0<\/p>\n<figcaption class=\"blocks-gallery-item__caption\"><strong>Curieuse<\/strong><\/figcaption>\n<\/figure>\n<\/li>\n<li class=\"blocks-gallery-item\">\n<figure><img decoding=\"async\" width=\"1024\" height=\"683\" class=\"wp-image-536\" src=\"https:\/\/naturailes-sante.com\/wp-content\/uploads\/2022\/05\/IMG_2144-1024x683.jpg\" alt=\"\" data-id=\"536\" data-full-url=\"https:\/\/naturailes-sante.com\/wp-content\/uploads\/2022\/05\/IMG_2144-scaled.jpg\" data-link=\"https:\/\/naturailes-sante.com\/index.php\/qui-suis-je\/img_2144\/\" srcset=\"https:\/\/naturailes-sante.com\/wp-content\/uploads\/2022\/05\/IMG_2144-1024x683.jpg 1024w, https:\/\/naturailes-sante.com\/wp-content\/uploads\/2022\/05\/IMG_2144-300x200.jpg 300w, https:\/\/naturailes-sante.com\/wp-content\/uploads\/2022\/05\/IMG_2144-768x512.jpg 768w, https:\/\/naturailes-sante.com\/wp-content\/uploads\/2022\/05\/IMG_2144-1536x1024.jpg 1536w, https:\/\/naturailes-sante.com\/wp-content\/uploads\/2022\/05\/IMG_2144-2048x1365.jpg 2048w, https:\/\/naturailes-sante.com\/wp-content\/uploads\/2022\/05\/IMG_2144-600x400.jpg 600w\" sizes=\"(max-width: 1024px) 100vw, 1024px\" \/>\n<p>\u00a0<\/p>\n<figcaption class=\"blocks-gallery-item__caption\"><strong>Aventuri\u00e8re<\/strong><\/figcaption>\n<\/figure>\n<\/li>\n<\/ul>\n<\/figure>\n<p><\/p>\n<div class=\"wp-block-spacer\" style=\"height: 53px;\" aria-hidden=\"true\">\u00a0<\/div>\n<p><\/p>\n<p class=\"has-text-align-center has-medium-font-size\"><span style=\"color: #ba871d;\">\u00a0<strong>BIENFAITRICE &#8211; MEDIATRICE et INNOVATRICE,<\/strong><\/span><\/p>\n<p><\/p>\n<p><\/p>\n<h4 style=\"text-align: center;\"><span style=\"color: #033027;\">je souhaite au travers mon \u00e9nergie et ma puissante envie, ainsi qu&rsquo;avec mes savoirs, savoirs \u00eatre et savoir-faire, permettre \u00e0 chacun.e de<\/span><\/h4>\n<h4 style=\"text-align: center;\"><span style=\"color: #10c47c;\"><strong>vivre pleinement une sant\u00e9 harmonieuse<\/strong>.<\/span><\/h4>\n<p><\/p>\n<h4 class=\"has-text-align-center has-medium-font-size\"><span style=\"color: #4d4646;\"><span style=\"color: #033027;\">Apr\u00e8s un long parcours universitaire et de nombreuses exp\u00e9riences professionnelles et humaines, je vous<\/span> <span style=\"color: #033027;\">propose aujourd&rsquo;hui de vous inspirer, vous former et vous accompagner sur votre chemin pour (re)trouver votre \u00e9quilibre et votre mieux \u00eatre :<\/span> <br \/><\/span><\/h4>\n<h4><\/h4>\n<h4 class=\"has-text-align-center has-vivid-purple-color has-text-color has-medium-font-size\"><strong>MENTAL, EMOTIONNEL, SPIRITUEL et PHYSIQUE.<\/strong><\/h4>\n<p><\/p>\n<p><\/p>\n<p class=\"has-very-light-gray-color has-text-color\">\u00a0<\/p>\n<p><\/p>\t\t\t\t\t\t\t\t<\/div>\n\t\t\t\t<\/div>\n\t\t\t\t\t<\/div>\n\t\t<\/div>\n\t\t\t\t\t<\/div>\n\t\t<\/section>\n\t\t\t\t<section class=\"elementor-section elementor-top-section elementor-element elementor-element-df74291 elementor-section-boxed elementor-section-height-default elementor-section-height-default\" data-id=\"df74291\" data-element_type=\"section\" data-e-type=\"section\">\n\t\t\t\t\t\t<div class=\"elementor-container elementor-column-gap-default\">\n\t\t\t\t\t<div class=\"elementor-column elementor-col-50 elementor-top-column elementor-element elementor-element-e7e90bf\" data-id=\"e7e90bf\" data-element_type=\"column\" data-e-type=\"column\">\n\t\t\t<div class=\"elementor-widget-wrap elementor-element-populated\">\n\t\t\t\t\t\t<div class=\"elementor-element elementor-element-08c8611 elementor-widget elementor-widget-spacer\" data-id=\"08c8611\" data-element_type=\"widget\" data-e-type=\"widget\" data-widget_type=\"spacer.default\">\n\t\t\t\t<div class=\"elementor-widget-container\">\n\t\t\t\t\t\t\t<div class=\"elementor-spacer\">\n\t\t\t<div class=\"elementor-spacer-inner\"><\/div>\n\t\t<\/div>\n\t\t\t\t\t\t<\/div>\n\t\t\t\t<\/div>\n\t\t\t\t<div class=\"elementor-element elementor-element-4f92955 elementor-widget elementor-widget-text-editor\" data-id=\"4f92955\" data-element_type=\"widget\" data-e-type=\"widget\" data-widget_type=\"text-editor.default\">\n\t\t\t\t<div class=\"elementor-widget-container\">\n\t\t\t\t\t\t\t\t\t<h3>\u00a0<\/h3>\n<h2 style=\"text-align: center;\"><span style=\"color: #ba871d;\"><strong>Mes dons<\/strong><\/span><\/h2>\t\t\t\t\t\t\t\t<\/div>\n\t\t\t\t<\/div>\n\t\t\t\t\t<\/div>\n\t\t<\/div>\n\t\t\t\t<div class=\"elementor-column elementor-col-50 elementor-top-column elementor-element elementor-element-eac79fa\" data-id=\"eac79fa\" data-element_type=\"column\" data-e-type=\"column\">\n\t\t\t<div class=\"elementor-widget-wrap elementor-element-populated\">\n\t\t\t\t\t\t<div class=\"elementor-element elementor-element-cb43ad8 elementor-widget elementor-widget-image\" data-id=\"cb43ad8\" data-element_type=\"widget\" data-e-type=\"widget\" data-widget_type=\"image.default\">\n\t\t\t\t<div class=\"elementor-widget-container\">\n\t\t\t\t\t\t\t\t\t\t\t\t\t\t\t<img loading=\"lazy\" decoding=\"async\" width=\"500\" height=\"500\" src=\"https:\/\/naturailes-sante.com\/wp-content\/uploads\/2022\/07\/CONSULTATION-3.png\" class=\"attachment-large size-large wp-image-848\" alt=\"\" srcset=\"https:\/\/naturailes-sante.com\/wp-content\/uploads\/2022\/07\/CONSULTATION-3.png 500w, https:\/\/naturailes-sante.com\/wp-content\/uploads\/2022\/07\/CONSULTATION-3-300x300.png 300w, https:\/\/naturailes-sante.com\/wp-content\/uploads\/2022\/07\/CONSULTATION-3-150x150.png 150w, https:\/\/naturailes-sante.com\/wp-content\/uploads\/2022\/07\/CONSULTATION-3-100x100.png 100w\" sizes=\"(max-width: 500px) 100vw, 500px\" \/>\t\t\t\t\t\t\t\t\t\t\t\t\t\t\t<\/div>\n\t\t\t\t<\/div>\n\t\t\t\t\t<\/div>\n\t\t<\/div>\n\t\t\t\t\t<\/div>\n\t\t<\/section>\t\t<\/div>\n\t\t","protected":false},"excerpt":{"rendered":"<p>Naturopathe, ing\u00e9nieur alimentaire, et formatrice. Je suis \u00e9galement : \u00a0 \u00a0BIENFAITRICE &#8211; MEDIATRICE et INNOVATRICE, Apr\u00e8s un long parcours universitaire et de nombreuses exp\u00e9riences professionnelles et humaines, je vous propose aujourd&rsquo;hui de vous inspirer, vous former et vous accompagner sur votre chemin pour (re)trouver votre \u00e9quilibre et votre mieux \u00eatre : MENTAL, EMOTIONNEL, SPIRITUEL et [&hellip;]<\/p>\n","protected":false},"author":1,"featured_media":0,"parent":562,"menu_order":1,"comment_status":"closed","ping_status":"closed","template":"","meta":{"_monsterinsights_skip_tracking":false,"_monsterinsights_sitenote_active":false,"_monsterinsights_sitenote_note":"","_monsterinsights_sitenote_category":0,"site-sidebar-layout":"default","site-content-layout":"","ast-site-content-layout":"","site-content-style":"default","site-sidebar-style":"default","ast-global-header-display":"","ast-banner-title-visibility":"","ast-main-header-display":"","ast-hfb-above-header-display":"","ast-hfb-below-header-display":"","ast-hfb-mobile-header-display":"","site-post-title":"","ast-breadcrumbs-content":"","ast-featured-img":"","footer-sml-layout":"","theme-transparent-header-meta":"","adv-header-id-meta":"","stick-header-meta":"","header-above-stick-meta":"","header-main-stick-meta":"","header-below-stick-meta":"","astra-migrate-meta-layouts":"default","ast-page-background-enabled":"default","ast-page-background-meta":{"desktop":{"background-color":"var(--ast-global-color-4)","background-image":"","background-repeat":"repeat","background-position":"center center","background-size":"auto","background-attachment":"scroll","background-type":"","background-media":"","overlay-type":"","overlay-color":"","overlay-opacity":"","overlay-gradient":""},"tablet":{"background-color":"","background-image":"","background-repeat":"repeat","background-position":"center center","background-size":"auto","background-attachment":"scroll","background-type":"","background-media":"","overlay-type":"","overlay-color":"","overlay-opacity":"","overlay-gradient":""},"mobile":{"background-color":"","background-image":"","background-repeat":"repeat","background-position":"center center","background-size":"auto","background-attachment":"scroll","background-type":"","background-media":"","overlay-type":"","overlay-color":"","overlay-opacity":"","overlay-gradient":""}},"ast-content-background-meta":{"desktop":{"background-color":"var(--ast-global-color-5)","background-image":"","background-repeat":"repeat","background-position":"center center","background-size":"auto","background-attachment":"scroll","background-type":"","background-media":"","overlay-type":"","overlay-color":"","overlay-opacity":"","overlay-gradient":""},"tablet":{"background-color":"var(--ast-global-color-5)","background-image":"","background-repeat":"repeat","background-position":"center center","background-size":"auto","background-attachment":"scroll","background-type":"","background-media":"","overlay-type":"","overlay-color":"","overlay-opacity":"","overlay-gradient":""},"mobile":{"background-color":"var(--ast-global-color-5)","background-image":"","background-repeat":"repeat","background-position":"center center","background-size":"auto","background-attachment":"scroll","background-type":"","background-media":"","overlay-type":"","overlay-color":"","overlay-opacity":"","overlay-gradient":""}},"footnotes":""},"class_list":["post-91","page","type-page","status-publish","hentry"],"_links":{"self":[{"href":"https:\/\/naturailes-sante.com\/index.php\/wp-json\/wp\/v2\/pages\/91","targetHints":{"allow":["GET"]}}],"collection":[{"href":"https:\/\/naturailes-sante.com\/index.php\/wp-json\/wp\/v2\/pages"}],"about":[{"href":"https:\/\/naturailes-sante.com\/index.php\/wp-json\/wp\/v2\/types\/page"}],"author":[{"embeddable":true,"href":"https:\/\/naturailes-sante.com\/index.php\/wp-json\/wp\/v2\/users\/1"}],"replies":[{"embeddable":true,"href":"https:\/\/naturailes-sante.com\/index.php\/wp-json\/wp\/v2\/comments?post=91"}],"version-history":[{"count":73,"href":"https:\/\/naturailes-sante.com\/index.php\/wp-json\/wp\/v2\/pages\/91\/revisions"}],"predecessor-version":[{"id":1044,"href":"https:\/\/naturailes-sante.com\/index.php\/wp-json\/wp\/v2\/pages\/91\/revisions\/1044"}],"up":[{"embeddable":true,"href":"https:\/\/naturailes-sante.com\/index.php\/wp-json\/wp\/v2\/pages\/562"}],"wp:attachment":[{"href":"https:\/\/naturailes-sante.com\/index.php\/wp-json\/wp\/v2\/media?parent=91"}],"curies":[{"name":"wp","href":"https:\/\/api.w.org\/{rel}","templated":true}]}}