{"id":473,"date":"2022-05-20T15:34:24","date_gmt":"2022-05-20T13:34:24","guid":{"rendered":"https:\/\/naturailes-sante.com\/?page_id=473"},"modified":"2022-06-18T20:20:36","modified_gmt":"2022-06-18T18:20:36","slug":"decouvrir-et-comprendre","status":"publish","type":"page","link":"https:\/\/naturailes-sante.com\/index.php\/definition-pour-qui-2\/decouvrir-et-comprendre\/","title":{"rendered":"D\u00e9couvrir et comprendre"},"content":{"rendered":"<p class=\"has-text-align-center has-text-color\" style=\"color:#9d8baa;font-size:17px\"><strong>Qu&rsquo;est-ce-que la naturopathie?<\/strong><\/p><figure class=\"wp-block-image aligncenter size-full is-resized is-style-rounded\"><img decoding=\"async\" src=\"https:\/\/naturailes-sante.com\/wp-content\/uploads\/2021\/11\/Capture-decran-2021-11-19-a-15.10.04.png\" alt=\"\" class=\"wp-image-374\" width=\"333\" srcset=\"https:\/\/naturailes-sante.com\/wp-content\/uploads\/2021\/11\/Capture-decran-2021-11-19-a-15.10.04.png 894w, https:\/\/naturailes-sante.com\/wp-content\/uploads\/2021\/11\/Capture-decran-2021-11-19-a-15.10.04-600x274.png 600w, https:\/\/naturailes-sante.com\/wp-content\/uploads\/2021\/11\/Capture-decran-2021-11-19-a-15.10.04-300x137.png 300w, https:\/\/naturailes-sante.com\/wp-content\/uploads\/2021\/11\/Capture-decran-2021-11-19-a-15.10.04-768x350.png 768w\" sizes=\"(max-width: 894px) 100vw, 894px\" \/><\/figure><p><\/p><p><\/p><p><strong>L&rsquo;origine du mot \u00ab naturopathie \u00bb<\/strong>&nbsp;vient de deux mots anglais \u00ab\u00a0nature\u00a0\u00bb et \u00ab\u00a0path\u00a0\u00bb qui signifient \u00ab le chemin de la Nature \u00bb ou la \u00ab voie de la Nature \u00bb. Cette appellation de \u00ab naturopathy \u00bb a \u00e9t\u00e9 enregistr\u00e9e pour la premi\u00e8re fois aux USA en 1902.<\/p><p>Bien des d\u00e9finitions ont \u00e9t\u00e9 donn\u00e9es, et pour faire simple, la Naturopathie est tout bonnement l\u2019art de rester en bonne sant\u00e9, d\u2019\u00eatre \u00e0 nouveau acteur et responsable de sa sant\u00e9 et de prendre soin de soi par des moyens naturels.<\/p><p>Cette m\u00e9decine ancestrale de bon sens propose ainsi un ensemble de m\u00e9thodes naturelles de sant\u00e9 pour optimiser son capital vital.<\/p><p><strong>Selon l&rsquo;Organisation Mondiale de la Sant\u00e9<\/strong>&nbsp;:&nbsp;<em><strong>L<\/strong><\/em>&lsquo;<em><strong>Organisation mondiale de la Sant\u00e9<\/strong><\/em>&nbsp;(OMS)<em>&nbsp;\u00ab&nbsp;la Naturopathie est un ensemble de m\u00e9thodes de soins visant \u00e0 renforcer les d\u00e9fenses de l&rsquo;organisme par des moyens consid\u00e9r\u00e9s comme naturels et biologiques&nbsp;\u00bb.<\/em><\/p><p><strong>Selon le Larousse M\u00e9dical (\u00e9dition 2007)<\/strong>&nbsp;:<br><em>\u00ab&nbsp;la Naturopathie est un ensemble de pratiques visant \u00e0 aider l\u2019organisme \u00e0 gu\u00e9rir de lui-m\u00eame, par des moyens exclusivement naturels. Elle repose sur une th\u00e9orie selon laquelle la force vitale de l\u2019organisme permet \u00e0 celui-ci de d\u00e9fendre et de gu\u00e9rir spontan\u00e9ment. Elle consiste donc \u00e0 renforcer les r\u00e9actions de d\u00e9fense de l\u2019organisme par diverses mesures d\u2019hygi\u00e8ne (di\u00e9t\u00e9tique, je\u00fbne, musculation, relaxation, massages, thermalisme, thalassoth\u00e9rapie, etc.) aid\u00e9es par les seuls agents naturels (plantes, eaux, soleil, air pur, etc.), un traitement m\u00e9dical ne devant intervenir qu\u2019en cas d\u2019urgence.&nbsp;\u00bb<\/em><\/p><p class=\"has-text-align-center has-text-color\" style=\"color:#9482aa\"><strong>A qui s&rsquo;adresse-t&rsquo;elle?<\/strong><\/p><figure class=\"wp-block-image aligncenter is-resized\"><img decoding=\"async\" src=\"https:\/\/naturailes-sante.com\/wp-content\/uploads\/2019\/10\/linked-152575_1280-1024x769.png\" alt=\"\" class=\"wp-image-126\" width=\"220\" height=\"164\" srcset=\"https:\/\/naturailes-sante.com\/wp-content\/uploads\/2019\/10\/linked-152575_1280-1024x769.png 1024w, https:\/\/naturailes-sante.com\/wp-content\/uploads\/2019\/10\/linked-152575_1280-600x450.png 600w, https:\/\/naturailes-sante.com\/wp-content\/uploads\/2019\/10\/linked-152575_1280-300x225.png 300w, https:\/\/naturailes-sante.com\/wp-content\/uploads\/2019\/10\/linked-152575_1280-768x577.png 768w, https:\/\/naturailes-sante.com\/wp-content\/uploads\/2019\/10\/linked-152575_1280.png 1280w\" sizes=\"(max-width: 220px) 100vw, 220px\" \/><figcaption>Universel<\/figcaption><\/figure><ul class=\"wp-block-list\"><li>A toute personne d\u00e9sireuse d&rsquo;un <strong>mieux \u00eatre g\u00e9n\u00e9ral<\/strong>.<\/li><li>A toute personne souhaitant <strong>changer<\/strong> et <strong>am\u00e9liorer<\/strong> un ou plusieurs param\u00e8tres de sa vie :<ul><li>hygi\u00e8ne alimentaire, hygi\u00e8ne de vie, environnement familial\/social, etc.<\/li><\/ul><\/li><li>A toute envie de <strong>se sentir pleinement en forme et en sant\u00e9<\/strong>.<\/li><li>A tout besoin de <strong>conseils<\/strong>, d&rsquo;<strong>accompagnements<\/strong>.<\/li><\/ul>","protected":false},"excerpt":{"rendered":"<p>Qu&rsquo;est-ce-que la naturopathie? L&rsquo;origine du mot \u00ab naturopathie \u00bb&nbsp;vient de deux mots anglais \u00ab\u00a0nature\u00a0\u00bb et \u00ab\u00a0path\u00a0\u00bb qui signifient \u00ab le chemin de la Nature \u00bb ou la \u00ab voie de la Nature \u00bb. Cette appellation de \u00ab naturopathy \u00bb a \u00e9t\u00e9 enregistr\u00e9e pour la premi\u00e8re fois aux USA en 1902. Bien des d\u00e9finitions ont \u00e9t\u00e9 [&hellip;]<\/p>\n","protected":false},"author":1,"featured_media":0,"parent":63,"menu_order":-1,"comment_status":"closed","ping_status":"closed","template":"","meta":{"_monsterinsights_skip_tracking":false,"_monsterinsights_sitenote_active":false,"_monsterinsights_sitenote_note":"","_monsterinsights_sitenote_category":0,"site-sidebar-layout":"default","site-content-layout":"","ast-site-content-layout":"","site-content-style":"default","site-sidebar-style":"default","ast-global-header-display":"","ast-banner-title-visibility":"","ast-main-header-display":"","ast-hfb-above-header-display":"","ast-hfb-below-header-display":"","ast-hfb-mobile-header-display":"","site-post-title":"","ast-breadcrumbs-content":"","ast-featured-img":"","footer-sml-layout":"","theme-transparent-header-meta":"","adv-header-id-meta":"","stick-header-meta":"","header-above-stick-meta":"","header-main-stick-meta":"","header-below-stick-meta":"","astra-migrate-meta-layouts":"default","ast-page-background-enabled":"default","ast-page-background-meta":{"desktop":{"background-color":"var(--ast-global-color-4)","background-image":"","background-repeat":"repeat","background-position":"center center","background-size":"auto","background-attachment":"scroll","background-type":"","background-media":"","overlay-type":"","overlay-color":"","overlay-opacity":"","overlay-gradient":""},"tablet":{"background-color":"","background-image":"","background-repeat":"repeat","background-position":"center center","background-size":"auto","background-attachment":"scroll","background-type":"","background-media":"","overlay-type":"","overlay-color":"","overlay-opacity":"","overlay-gradient":""},"mobile":{"background-color":"","background-image":"","background-repeat":"repeat","background-position":"center center","background-size":"auto","background-attachment":"scroll","background-type":"","background-media":"","overlay-type":"","overlay-color":"","overlay-opacity":"","overlay-gradient":""}},"ast-content-background-meta":{"desktop":{"background-color":"var(--ast-global-color-5)","background-image":"","background-repeat":"repeat","background-position":"center center","background-size":"auto","background-attachment":"scroll","background-type":"","background-media":"","overlay-type":"","overlay-color":"","overlay-opacity":"","overlay-gradient":""},"tablet":{"background-color":"var(--ast-global-color-5)","background-image":"","background-repeat":"repeat","background-position":"center center","background-size":"auto","background-attachment":"scroll","background-type":"","background-media":"","overlay-type":"","overlay-color":"","overlay-opacity":"","overlay-gradient":""},"mobile":{"background-color":"var(--ast-global-color-5)","background-image":"","background-repeat":"repeat","background-position":"center center","background-size":"auto","background-attachment":"scroll","background-type":"","background-media":"","overlay-type":"","overlay-color":"","overlay-opacity":"","overlay-gradient":""}},"footnotes":""},"class_list":["post-473","page","type-page","status-publish","hentry"],"_links":{"self":[{"href":"https:\/\/naturailes-sante.com\/index.php\/wp-json\/wp\/v2\/pages\/473","targetHints":{"allow":["GET"]}}],"collection":[{"href":"https:\/\/naturailes-sante.com\/index.php\/wp-json\/wp\/v2\/pages"}],"about":[{"href":"https:\/\/naturailes-sante.com\/index.php\/wp-json\/wp\/v2\/types\/page"}],"author":[{"embeddable":true,"href":"https:\/\/naturailes-sante.com\/index.php\/wp-json\/wp\/v2\/users\/1"}],"replies":[{"embeddable":true,"href":"https:\/\/naturailes-sante.com\/index.php\/wp-json\/wp\/v2\/comments?post=473"}],"version-history":[{"count":2,"href":"https:\/\/naturailes-sante.com\/index.php\/wp-json\/wp\/v2\/pages\/473\/revisions"}],"predecessor-version":[{"id":734,"href":"https:\/\/naturailes-sante.com\/index.php\/wp-json\/wp\/v2\/pages\/473\/revisions\/734"}],"up":[{"embeddable":true,"href":"https:\/\/naturailes-sante.com\/index.php\/wp-json\/wp\/v2\/pages\/63"}],"wp:attachment":[{"href":"https:\/\/naturailes-sante.com\/index.php\/wp-json\/wp\/v2\/media?parent=473"}],"curies":[{"name":"wp","href":"https:\/\/api.w.org\/{rel}","templated":true}]}}